v(l) = -2*l + 0 + 2 - 2 - 3. Give v(6).
-15
Let d(p) = 2*p - 5 + 5 + 5. Let r(h) = -h**2 + 3*h + 4. Let x be r(3). Let l be (x - 4) + (-4)/1. What is d(l)?
-3
Suppose 11 - 15 = -2*r. Let b(n) = 6*n**2 + 5*n - 6. Let u(y) = -5*y**2 - 4*y + 5. Let k(m) = -2*b(m) - 3*u(m). Calculate k(r).
13
Let z(w) = -11*w - 12. Let l(r) = 5*r + 6. Let i(b) = 5*l(b) + 2*z(b). Give i(-4).
-6
Let v(x) = x**3 + 5*x**2 + 2*x + 5. Suppose -3*q = q - 12. Suppose 22 - 7 = -q*j. Determine v(j).
-5
Let f(h) = -3*h**2 + 2*h - 1. Let d = 0 - 0. Let z(o) = o - 2. Let w be z(3). Let a = w + d. Give f(a).
-2
Let g(v) = 2*v**2. Let k be (1 - 2)/((-2)/6). Suppose 0 = -2*h - 3*h - c, -13 = k*h - 2*c. Calculate g(h).
2
Let j = -76 - -72. Let c(m) = -2*m + 5. Determine c(j).
13
Suppose -4*f = -7*f - 4*w - 2, -3*f - w = -4. Let t(b) = 1 - b**3 + 4*b**f - 2*b - 3*b + 2*b**3. Let c be 2/11 + 4 + (-707)/77. Determine t(c).
1
Let u(x) = x**2 - 1. Let s(l) = 3*l. Let n(b) = s(b) + u(b). Let a be (-10 + -2)*5/15. What is n(a)?
3
Let k = 22 + -17. Let g(r) = 12*r - r - 5 + r**2 - k*r. Calculate g(-6).
-5
Let f be (11 - 14)*4/3. Let x(a) = a**3 + 4*a**2 + a. Determine x(f).
-4
Let a(u) be the third derivative of -u**2 - 1/6*u**3 + 0 - 1/8*u**4 + 0*u. What is a(-2)?
5
Let r(t) be the first derivative of 5*t**2/2 - 41. Let w(i) = -i**2 + 5*i + 7. Let p be w(5). Let x(z) = -z + 8. Let b be x(p). What is r(b)?
5
Let j(v) = -85*v - 5*v**2 + 86*v - 2*v**2. Let f be (16/12)/((-2)/(-3)). Let d be f/7 + (-5)/(-7). Determine j(d).
-6
Let x = -31 + 56. Suppose -3*k = 2*k - x. Suppose -4*q = -3*q + k. Let y(z) = -z**2 - 3*z + 4. Give y(q).
-6
Let r(t) be the third derivative of -t**5/60 - t**4/8 + t**3/6 + 23*t**2. Determine r(-3).
1
Let q(t) = 1 + 1 + t**3 + t**2 - t - 4 - 2*t**3. Let o = 36 + -36. Give q(o).
-2
Suppose -4*v = 7 - 3. Let s(g) = 5*g**2 + 2*g - 4. Let w(m) = m**2 - 1. Let h(j) = v*s(j) + 6*w(j). Let a be -2*(-9)/6 + 0. Calculate h(a).
1
Let z(q) = -2*q**2 - 2*q + 1. Let f(v) = 2*v**2 + v - 2. Let n(l) = l + 4. Let p be n(-6). Let d(j) = p*f(j) - 3*z(j). Determine d(-3).
7
Let t(s) = 3*s + 7. Let b be t(-6). Let u = -6 - b. Suppose 0 = 4*y + u*o + 20, y + 12 = -2*o - o. Let g(v) = v**3 - v + 5. What is g(y)?
5
Let b(w) be the second derivative of 1/6*w**3 + 1/20*w**5 - 5*w + 1/12*w**4 - 5/2*w**2 + 0. Determine b(0).
-5
Let m(l) = l + 3. Let t(r) be the first derivative of -r**4/4 + 8*r + 2. Let c be t(0). Suppose k = -k + c. Calculate m(k).
7
Let r = 15 - 11. Let a(z) = -z**2 + 4*z. Give a(r).
0
Let r be ((-10)/(-3))/(4/(-6)). Let l = 1 + r. Let v(n) = -n**2 - n + 5. Calculate v(l).
-7
Let n be (3 - 3)*(-1)/2. Let j be (-2 - -3)/(2/8). Let w(y) = 2 + j + y + 0. Determine w(n).
6
Let p(i) = -22*i - 22. Let d(u) = 7*u + 7. Let x(r) = -16*d(r) - 5*p(r). Calculate x(-2).
2
Suppose x - 5*q + q - 14 = 0, -5*x = 2*q - 4. Let a(k) = x - k + 4*k - 2*k. Calculate a(0).
2
Let h be ((-1)/(-2))/(1/10). Suppose -b = 2 - h. Let n(t) = t**3 - 2*t**2 - 3*t - 4. What is n(b)?
-4
Let m(g) = g**2 - 3*g - 2. Let x be 0*(-1 + 1 + -1). Let u(f) = f**3 - f**2 - f + 4. Let s be u(x). Calculate m(s).
2
Let c(y) be the third derivative of 0*y - 1/24*y**4 + 0 + 0*y**5 - y**2 + 2/3*y**3 - 1/120*y**6. What is c(0)?
4
Suppose 0 = 2*b - 0 + 10. Let z = 8 + b. Let p(m) = -m**3 + m**2 - m - 3. Let o(q) = -q**2 - q. Let i(c) = -2*o(c) + p(c). What is i(z)?
0
Let y(n) = 2*n**2 + 7*n + 4. Let g(l) = l**2 + 3*l + 2. Let q(p) = -9*g(p) + 4*y(p). Calculate q(2).
-4
Let m(n) = -3*n**2 - 3. Let i(l) = -4*l**2 - l - 4. Let f(a) = 2*i(a) - 3*m(a). Let k be (-16)/(-9) + (-2)/(-9). Give f(k).
1
Let q = -37 - -43. Suppose 6 = n + 2*n. Let c(m) = -4*m**2 - 1 + 7*m + 6*m**n - 3*m**2. Determine c(q).
5
Let o(y) = -3*y - 1. Let q(a) = -4*a - 2. Let f(r) = -3*o(r) + 2*q(r). Suppose -5*m - 10 = -5. Determine f(m).
-2
Let f(p) = -p + 1. Let a(x) = x**2 - 3*x - 2. Suppose 3*r - 7*r + 4 = 0. Let h(c) = r*a(c) + 3*f(c). Determine h(6).
1
Let f be -2 + -1 + 2*-1. Let s = f + 4. Let b(d) = d**3 + d**2 + d + 1. Let p(y) = -y**3 - 5*y**2 - 6*y - 4. Let t(m) = s*p(m) - 2*b(m). Calculate t(4).
2
Let c = -13 - -9. Let y(m) = -2*m**3 - 5*m**2 - 3*m + 3. Let h(t) = 3*t**3 + 8*t**2 + 5*t - 5. Let k(x) = -5*h(x) - 7*y(x). Calculate k(c).
4
Let v(d) = -1 + d**3 + 4*d**2 + d - 1 + 1. Calculate v(-3).
5
Let a(j) = j**2 + j - 1. Suppose -2 + 4 = u. Calculate a(u).
5
Let o = 2/19 + 13/57. Let c(h) be the second derivative of 0 + 5/2*h**2 + 2*h + o*h**3. Determine c(-4).
-3
Let g(o) = -o**2. Let y(h) = -h**2 - 2*h + 3. Let c(x) = -2*g(x) + y(x). What is c(4)?
11
Suppose 0 = 2*w + 2*w + 4. Let q be (6*w)/(-2) - 3. Let a(d) = d**3 + d**2 - d - 6. Give a(q).
-6
Let n be 1/((-5)/3 + 2). Let k be (-12)/(-90) + (-56)/(-30). Let c(b) = 3 - 1 + b + 3*b - b**k - 4. What is c(n)?
1
Let s = -7 + 15/2. Let i(o) be the third derivative of o**2 + 0 - s*o**3 + 0*o - 1/6*o**4 + 1/60*o**5. Determine i(5).
2
Let r(t) = -2*t**3 + 2*t**2 + 3*t - 2. Let h(g) be the first derivative of g**2/2 + 7*g - 1. Let f be h(-5). Let l be (0 - 1)/(f/(-4)). Give r(l).
-4
Suppose 2*l + 34 = 5*q + l, 4*q - 4*l = 40. Let d(j) = 4 - 6*j**3 + 7*j**3 - j - q*j**2 + 3*j**2. What is d(4)?
16
Let r(u) = -u**2 + 2*u - 2. Let b(t) = -t**3 + 6*t**2 - t + 6. Let s be b(6). Let f = 3 + s. What is r(f)?
-5
Let h(a) = -a**3 - 6*a**2 - 5*a - 6. Let d be (-32)/24*(-18)/4. Suppose 0 = d*v - 3*v + 15. Calculate h(v).
-6
Let q(m) = m + 10. Let w = -7 - -6. Let d be -1*(0 - w)*5. Calculate q(d).
5
Let b = -14 - -20. Suppose 4*g - 2 = b. Let o(q) = -q + q**g - q - q. What is o(5)?
10
Let n(f) = -f**2 + 0 - 1 + 4*f + 0*f. What is n(3)?
2
Let v be 0 - (1 + -1 + 0). Suppose -3*q + 0*q = v. Suppose -5*f + 5*i = -q*f + 35, -2*i = 5*f. Let w(s) = s**3 + 2*s**2 + 2*s - 2. Determine w(f).
-6
Let m(l) = -l + 4. Let d be ((-25)/(-5))/(2 + -3). Calculate m(d).
9
Let x(j) be the first derivative of 1/4*j**4 - 2/3*j**3 - 2*j + 1/2*j**2 - 2. Let w(d) = d + 9. Let u be w(-6). Calculate x(u).
10
Let p(m) = m**2 + 11*m - 4. Let v be p(-11). Let r(l) = -2. Let s(k) = k - 1. Let a(x) = v*r(x) + 5*s(x). Give a(-3).
-12
Let s(t) = -2*t - 1. Suppose 0 = -4*y + 1 + 3. Give s(y).
-3
Let l be (-1 + 1 - -8)/(-2). Let y(k) = k - 2. What is y(l)?
-6
Let l be -4*1*(-20)/(-16). Let t(m) = m**3 + 5*m**2 + m + 7. Let g be t(l). Let k(s) = 2 + 4*s**2 + 3*s**g - 6*s**2. Give k(-2).
6
Let b(j) = j**3 - 5*j**2 + 5*j - 4. Let n be b(4). Let a(r) be the third derivative of -r**6/120 + r**5/60 - 5*r**3/3 + r**2. What is a(n)?
-10
Let j(h) be the third derivative of h**7/5040 + h**5/20 + 9*h**2. Let a(y) be the third derivative of j(y). Suppose 0*v = 2*v + 10. What is a(v)?
-5
Let q(p) = -7*p**2 + 9*p + 4. Let a(b) = 11*b**2 - 14*b - 6. Let c(o) = 5*a(o) + 8*q(o). Determine c(4).
-6
Let h(b) = -b**3 - 11*b**2 - 12*b - 14. Let k be h(-10). Let f be ((-5)/(-5))/((-2)/k). Let q(l) = l**2 + 4*l - 4. What is q(f)?
-7
Let k(h) be the first derivative of 2*h**2 - 3*h - 49. Give k(-7).
-31
Let p(v) be the second derivative of v**5/120 - 5*v**4/24 + v**3/6 - v. Let w(b) be the second derivative of p(b). Calculate w(4).
-1
Let d(b) be the third derivative of 0 - 1/60*b**5 - 1/3*b**3 - 3*b**2 + 0*b - 7/24*b**4. Let p(t) = t**3 + 2*t**2 - 2*t - 2. Let v be p(-3). Calculate d(v).
8
Suppose 4*f = -2*g + 18, 3 = 5*g - 4*f - 0. Let s(a) = 16*a**3 - 2 - 7*a**g - 10*a**3 + 5*a**2. Determine s(2).
10
Let n(x) be the second derivative of x**4/12 + 7*x**3/6 - x**2/2 + 11*x. Determine n(-6).
-7
Let m(v) be the second derivative of -11*v**5/20 + v**4/6 - v**2/2 + v. Let w(p) = -p**2 - 4*p + 7. Let y be w(-5). Let b be (-3)/(-6)*1*y. Determine m(b).
-10
Let y(d) = d**3 + 4*d**2 - 5. Let f = -14 + 10. Give y(f).
-5
Let u(m) be the first derivative of m**2/2 + 2*m + 3. Suppose 5*h - 3 = -3*d, 5*h + 33 = 3*d - 0*h. Let o be 10/(-6) + (-2)/d. Calculate u(o).
0
Suppose 15 = -5*u, 3*c - 2*u - 3*u - 3 = 0. Let j = c + 6. Let l(o) = 0*o**3 + o**2 - 1 - 2*o**j - 4*o**3 + o. Determine l(1).
-5
Let w(l) = -17 + 9*l**2 - 8*l**2 + 25. Give w(0).
8
Let l be (24 + -4)*8/10. Suppose n = -2*d + 8, -2*n - 4*d = -6*n - l. Suppose n*o = 4*o + 12. Let m(u) = -u**2 - 3*u + 3. Give m(o).
3
Let i(d) = 3*d**2 + 13*d + 14. Let l(y) = -y**2 - 4*y - 5. Let j(m) = 3*i(m) + 8*l(m). Calculate j(-7).
2
